85921 a prime number?
True
Is 13292185849 a prime number?
False
Is 106166283149 a prime number?
True
Is 173033831 a prime number?
True
Is 2157062851 composite?
False
Is 32102527 a composite number?
True
Is 2550359323 composite?
True
Is 8816957837 a prime number?
True
Is 6196490479 a composite number?
False
Is 1582292627 a prime number?
True
Is 8898114023 a composite number?
False
Is 27101990357 a composite number?
True
Is 19701014743 a prime number?
True
Is 831910349 prime?
True
Is 134358780457 composite?
True
Is 1521559657 composite?
True
Is 1144953267 a prime number?
False
Is 50856354799 a composite number?
False
Is 3985815959 prime?
False
Is 18774796829 a prime number?
True
Is 1044995381 composite?
False
Is 154315339 a composite number?
False
Is 5305710913 a prime number?
True
Is 2433351773 prime?
True
Is 141812127011 prime?
True
Is 52163186107 a composite number?
True
Is 2232073813 composite?
True
Is 1458756647 a prime number?
True
Is 18195114307 a prime number?
True
Is 3986003705 composite?
True
Is 2110100341 composite?
True
Is 250081109 prime?
True
Is 922486769 a composite number?
False
Is 26801891 prime?
False
Is 2486425169 composite?
False
Is 86037454141 prime?
False
Is 18928683149 a prime number?
False
Is 398264563 a composite number?
True
Is 2964567521 a prime number?
True
Is 19086044729 composite?
False
Is 71901551 composite?
True
Is 35711042183 composite?
False
Is 869945737 prime?
False
Is 269184389 composite?
True
Is 1494910451 composite?
False
Is 95906335186 composite?
True
Is 84004373 a composite number?
False
Is 1077642373 composite?
False
Is 7697407537 a prime number?
True
Is 581917261 a composite number?
True
Is 593452757 prime?
True
Is 187121113 prime?
True
Is 1908824971 a prime number?
True
Is 579649793 a prime number?
False
Is 20200413017 composite?
False
Is 650157883 a composite number?
True
Is 589620701 a composite number?
False
Is 190132741 prime?
True
Is 22682012623 a composite number?
True
Is 2677878113 composite?
False
Is 3788796079 a prime number?
False
Is 50288163 prime?
False
Is 984147757 a prime number?
True
Is 694331207 prime?
False
Is 4347665407 a prime number?
True
Is 8079452753 a prime number?
False
Is 3564926839 composite?
False
Is 18362558083 a prime number?
True
Is 15517171 a prime number?
False
Is 60603253 composite?
False
Is 2476363691 composite?
True
Is 7406268383 prime?
True
Is 31783608793 a prime number?
False
Is 2201546843 composite?
True
Is 15611521733 a prime number?
True
Is 127205758 composite?
True
Is 8897637335 composite?
True
Is 4575895579 composite?
False
Is 9713063785 composite?
True
Is 63760104299 a prime number?
True
Is 601018529 a prime number?
True
Is 1418670221 prime?
True
Is 474425131 a prime number?
True
Is 89638681771 a prime number?
True
Is 2858254069 a composite number?
True
Is 32677876831 a composite number?
True
Is 4793618239 composite?
True
Is 25420946921 composite?
False
Is 676720103 a prime number?
False
Is 61815846227 composite?
False
Is 1708619897 a composite number?
True
Is 3339765617 a composite number?
True
Is 102889837901 composite?
False
Is 667567711 composite?
True
Is 890386481 a composite number?
True
Is 118983617 composite?
False
Is 1525011889 a composite number?
True
Is 2022903247 prime?
True
Is 1082149021 a prime number?
True
Is 1534155563 a prime number?
True
Is 849997481 a prime number?
False
Is 59156399453 composite?
False
Is 117086943061 prime?
False
Is 19282053943 composite?
False
Is 53112675809 prime?
False
Is 1531516309 a composite number?
True
Is 18284747395 a composite number?
True
Is 225142909 composite?
True
Is 1461416809 prime?
False
Is 4199732935 composite?
True
Is 105931086311 a prime number?
True
Is 16283559641 prime?
True
Is 7576569241 a prime number?
False
Is 4287213709 prime?
True
Is 133680203 prime?
True
Is 7128404897 a composite number?
True
Is 799119488839 a prime number?
False
Is 98289683 a composite number?
True
Is 12297206837 composite?
True
Is 179178523 prime?
False
Is 591352423 a composite number?
False
Is 350390629 a prime number?
False
Is 1913065541 a prime number?
True
Is 126147163 a composite number?
False
Is 1658270219 a composite number?
True
Is 277639217 composite?
True
Is 9600303371 a composite number?
False
Is 3918155411 composite?
True
Is 13562681673 a prime number?
False
Is 37084549759 composite?
False
Is 3179233693 a composite number?
False
Is 99322072835 composite?
True
Is 28705308739 a prime number?
False
Is 925538519 prime?
False
Is 111614167243 composite?
False
Is 5212325047 prime?
True
Is 14869031629 composite?
False
Is 11869937747 a prime number?
False
Is 10544558089 a prime number?
False
Is 223355371 prime?
True
Is 724897021279 a prime number?
True
Is 4256270801 prime?
True
Is 30255893971 a composite number?
False
Is 40806917 a prime number?
True
Is 90375746597 prime?
True
Is 624371491 prime?
True
Is 686068829 a prime number?
True
Is 15648650261 a prime number?
True
Is 29263560127 a composite number?
True
Is 5653132295 a composite number?
True
Is 44301145103 a prime number?
True
Is 870747221 prime?
True
Is 8285772487 prime?
True
Is 69330080933 composite?
False
Is 1507642247 a prime number?
True
Is 139179835 a prime number?
False
Is 31315704001 prime?
False
Is 3166465459 a composite number?
False
Is 4311971801 composite?
False
Is 2172564421 a composite number?
False
Is 911774749 a composite number?
False
Is 6075459547 composite?
False
Is 7906036183 composite?
True
Is 2308593479 prime?
True
Is 9759380503 a prime number?
False
Is 2059526221 composite?
False
Is 28942139561 composite?
False
Is 79214543 composite?
True
Is 134038512941 prime?
True
Is 52709802181 a composite number?
True
Is 3297857543 a composite number?
False
Is 61000751393 a composite number?
True
Is 911106481 prime?
False
Is 17568124193 prime?
True
Is 4147767751 prime?
True
Is 4133545229 a prime number?
False
Is 1563038759 prime?
False
Is 3737287271 prime?
True
Is 2790066421 prime?
False
Is 4264329913 prime?
False
Is 15346980773 a prime number?
True
Is 8709376157 a composite number?
False
Is 180554233 prime?
True
Is 13676867287 composite?
False
Is 9458704707 composite?
True
Is 13239467363 a composite number?
True
Is 74013145919 composite?
False
Is 99590006797 composite?
True
Is 7615790737 composite?
True
Is 147834607033 composite?
True
Is 6628503034 prime?
False
Is 251456189 prime?
False
Is 4512928493 prime?
True
Is 848289037 a prime number?
True
Is 19575235747 prime?
True
Is 256287659 a composite number?
False
Is 934250717 prime?
False
Is 367062295 a prime number?
False
Is 8093424803 a composite number?
True
Is 5281631287 composite?
False
Is 11318476891 prime?
True
Is 42073513451 prime?
True
Is 7252515463 a composite number?
True
Is 41082509579 a prime number?
True
Is 35232689 a prime number?
False
Is 2181122789 composite?
False
Is 30698241341 composite?
False
Is 1094900627 a composite number?
False
Is 10269399229 composite?
True
Is 58905739 a prime number?
False
Is 14260495819 a composite number?
False
Is 2342096671 prime?
True
Is 3924486077 composite?
False
Is 1225741901 prime?
True
Is 1581370157 a prime number?
True
Is 143523468343 prime?
True
Is 62044140391 a composite number?
False
Is 6744863963 a composite number?
True
Is 1308119861 composite?
False
Is 20003549 a prime number?
True
Is 934940573 composite?
True
Is 158103053 prime?
False
Is 4175261653 a prime number?
True
Is 725283043 a composite number?
False
Is 19603017173 a composite number?
True
Is 16403816029 a prime number?
True
Is 7686402439 a prime number?
True
Is 14933239289 a prime number?
True
Is 6341368031 a composite number?
False
Is 36459959 composite?
False
Is 90427849 a composite number?
False
Is 971967343 composite?
True
Is 2330143789 a prime number?
False
Is 30735391 a composite number?
False
Is 18530387033 composite?
False
Is 17674789435 composite?
True
Is 4094476567 a composite number?
True
Is 1854848689 prime?
True
Is 212874307 a composite number?
False
Is 154213567 a composite number?
True
Is 3500442503 composite?
True
Is 1343384593 a composite number?
False
Is 4014072035 composite?
True
Is 3268800841 a prime number?
True
Is 91521492379 composite?
False
Is 10505332247 composite?
False
Is 586084145 composite?
True
Is 181944263 a composite number?
False
Is 33390076901 composite?
F